me?
True
Suppose 1 + 2 = 3*u. Let c(z) = -53*z + 1. Let a be c(u). Let s = a + 131. Is s composite?
False
Is 8/28 - 4098/(-14) a prime number?
True
Let a(z) = 3*z**3 + 3*z**2 + 7*z. Is a(5) composite?
True
Suppose 38 = -p - 4*q, 93 = -3*p - 6*q + q. Suppose -5*k = 4*l, k - l = 4*l. Let g = k - p. Is g prime?
False
Is 424 - (-4)/12*-15 prime?
True
Let t(r) = r**2 + 8*r + 3. Suppose 2*i + 22 = -3*u, -u = -2*u - i - 7. Let f be t(u). Suppose 4*v + 26 = 2*l, -4*l - 5*v = -f*v - 62. Is l prime?
False
Is (1569 + 1)/((-12)/(-6)) prime?
False
Suppose 2*g = -20 + 534. Is g a prime number?
True
Let k be (-3 + 3)*1/(-2). Suppose 5*z - 465 = -k*f - 5*f, 0 = 5*z + 4*f - 465. Is z composite?
True
Let l be (-36)/(-5)*135/6. Let a be ((-2)/(-6))/((-2)/(-30)). Suppose 0 = 5*g + 2*t - 77 - 94, 0 = -a*g + t + l. Is g a prime number?
False
Let f(g) = -2*g + 10. Let b be f(8). Is (b + 2)*(-1554)/24 a composite number?
True
Let u(f) = 17*f**2 + 10*f + 1. Let n(l) = -8*l**2 - 5*l. Let r(w) = -7*n(w) - 3*u(w). Let s be (-2)/(5/((-15)/2)). Is r(s) a prime number?
False
Let a = 3 + -3. Suppose o - 3*o + 4*b + 388 = a, -o + 200 = b. Suppose 3*v + 4*t = o, 2*t = -2*v + 5*t + 115. Is v composite?
True
Let k = 109 - 87. Is k a composite number?
True
Let w = 55 - 140. Let l be w/4 - (-3)/12. Let n = l - -58. Is n a composite number?
False
Let y(l) = -3*l**3 + 3*l**2 + 2*l - 1. Is y(-8) a prime number?
False
Suppose -5*h + 4*n = 17, -9 - 6 = 3*h - 4*n. Is h - -14*(0 - -5) prime?
False
Let x = -244 + 663. Is x a composite number?
False
Let x(u) = 30*u - 1. Is x(3) a prime number?
True
Let t be 4/2 - (-2 + -1). Suppose -5*z = 4*b - 970 - 969, -t*b - 802 = -2*z. Is z composite?
True
Let q be (-51)/6 - (-1)/(-2). Let o be (2/3)/((-2)/q). Suppose 61 = o*v - 44. Is v composite?
True
Suppose -4*w - 10687 = 10593. Is (-4)/18 - w/45 a composite number?
True
Let g = 25 + -16. Let v be -2 + (1 - 0) + 1. Let c = v + g. Is c composite?
True
Is (0 - -3)/(-3) - -4298 a composite number?
False
Let x(m) = -50*m**3 + m**2 - 4*m. Let y(z) = 50*z**3 - z**2 + 5*z. Let t(k) = -5*x(k) - 4*y(k). Suppose -6 = -q - 5. Is t(q) prime?
False
Let g = -26 - -55. Let k = 18 + g. Is k composite?
False
Let h(m) = 11*m**2 + 1. Let b be h(-1). Suppose 2*f + b = 5*f. Suppose 0*x - 12 = -f*x. Is x composite?
False
Suppose -29 = -4*u - 17. Is u a prime number?
True
Let p(x) = -2*x**3 + 2*x**2 - x. Let b be p(1). Let h(j) = 78*j**2 - 1. Let f be h(b). Suppose -3*t + 243 = -2*g + 5*g, -t = -g - f. Is t prime?
True
Suppose -5*i + 475 = -580. Is i a prime number?
True
Suppose -2*k = 3*i - 393, 2*k - 5*k - 4*i + 589 = 0. Suppose 7*y = 2*y + k. Is y a prime number?
False
Is ((-10)/(-8))/5 - 12966/(-8) prime?
True
Suppose 15 - 3 = -4*d. Let p be (-7)/2*(1 + d). Suppose 0 = x - 14 - p. Is x a composite number?
True
Let c(x) = 7*x - 6. Let t be c(4). Let k be -2*(-1 - t/4). Let w = k + -7. Is w prime?
False
Let v(d) = -d**2 + 7*d + 7. Let j be v(7). Suppose 2*b + 3 = h + j, h = -2*b - 20. Let p = h - -18. Is p prime?
False
Let f(r) = -35*r + 1. Let m(p) = 70*p - 2. Let c(v) = 5*f(v) + 3*m(v). Is c(2) prime?
False
Let j(c) = -10*c**2 + 15*c - 10. Let t(o) = -7*o**2 + 10*o - 7. Let p(z) = -5*j(z) + 7*t(z). Let n(w) = -w**2 + 7*w - 6. Let h be n(7). Is p(h) composite?
False
Is 1010 + (3 - 16/4) prime?
True
Let p(u) = 80*u**2 - 1. Let o be p(-2). Let k = 497 - o. Is k prime?
False
Is 4279 - -3 - (-3 + 2 + 0) a prime number?
True
Let d(v) = 6*v**2 - 3*v - 3. Let r be d(5). Suppose -g + 79 = -r. Is g a composite number?
False
Suppose 0*c = -c - 6. Is 11/10*c*-5 composite?
True
Suppose z = -h - 11, h + 6 = -2*z - 2. Let u be (h - (3 - 5))/(-1). Let n(x) = -x**2 + 18*x - 13. Is n(u) prime?
True
Let k be -2 + 2 - 100*-1. Let v = k + -58. Suppose y = v - 11. Is y a prime number?
True
Suppose 5*o + 3 = -2. Let u be o + 25*(1 - 3). Is -2 - (1*u - 0) a prime number?
False
Let z(u) = 460*u**2 - u. Let n be z(1). Suppose -3*j + 4*h = -8*j + n, -2*j + h + 181 = 0. Is j a composite number?
True
Suppose -r = -58 - 28. Is r a prime number?
False
Suppose 0 = -t + 5*m - 4 + 16, -3*t - 24 = 5*m. Suppose p + 75 = 2*x + 4*p, 2*x + p = 73. Let f = x - t. Is f composite?
True
Suppose -w - 2*u + 14 = 0, w = 5*w - u - 11. Let g = 18 + w. Is g a composite number?
True
Let y(n) be the second derivative of n**3/6 - 4*n**2 - 2*n. Let c be y(10). Suppose w + 0*w - 42 = 4*f, c*f + 40 = w. Is w a prime number?
False
Let i be 1/(2 + 5/(-3)). Let g(f) = -i + 2 - 102*f + 36*f. Is g(-2) a composite number?
False
Suppose -2*i + 9 = -h + 3*i, -2*i = h + 2. Is ((-10)/h)/((-5)/(-30)) composite?
True
Suppose -3108 = -3*v - v. Is (4/(-3))/((-14)/v) prime?
False
Let v = -189 - -400. Is v prime?
True
Let d(a) = -a**2 - a. Let i be d(-2). Is 35/4*(i + 6) prime?
False
Suppose -6 = -3*d - 2*j + 3, -4*j = -4*d + 32. Suppose 4*l - d*a = 10, 2*l = 2*a - 3 + 9. Is 424/l - 3/(-15) a prime number?
False
Is (33355/140)/(((-1)/4)/(-1)) a prime number?
True
Suppose -k = -4*z + 338, 0 = 4*z - z - 4*k - 247. Is z a prime number?
False
Suppose -d + 4*j = -73, 2*d = -4*j + 3*j + 155. Is d prime?
False
Let i(x) = x**3 + x - 2*x + x**2 - 8 + 0*x**2. Let g be i(0). Is (1 - -1)*(-76)/g prime?
True
Let u(x) = 29*x + 19. Is u(8) composite?
False
Let r be ((-30)/(-9))/(1/3). Suppose 3*g - r = -1. Is 23 - 2*(-3)/g composite?
True
Let x(t) = 61*t - 11. Is x(6) a prime number?
False
Let t(g) = 10*g**2 + 2*g - 2. Let f(s) = 21*s**2 + 3*s - 3. Let a(h) = 3*f(h) - 5*t(h). Is a(-5) a prime number?
True
Suppose 2*x + 10 = -0*x, 0 = 2*i + x - 2377. Suppose 0 = -5*j + 4*d + i, 0 = -3*j + d - 5*d + 689. Is j a prime number?
False
Let r(o) = 9*o - 4. Let s be r(-8). Let w = s - -131. Is w a composite number?
True
Let p(f) = 146*f - 1. Let t be p(1). Suppose -2*u = -t - 181. Is u composite?
False
Let l = -5 + 44. Suppose 9 = -3*n + 21. Let i = l - n. Is i composite?
True
Let g be 2371/3 - 1/3. Suppose g = 3*v - v. Is v prime?
False
Suppose 4*c - 12 = 6*c. Is ((-854)/c)/((-2)/(-6)) composite?
True
Suppose 6*n - 5*l = n + 1330, -n + 267 = -2*l. Is n a prime number?
False
Let s(d) = 12*d + 1. Let o(p) = 49*p + 4. Let b(n) = -6*o(n) + 26*s(n). Suppose 0 = y - 5*x + 18, 12 - 4 = 2*x. Is b(y) prime?
False
Let p = -13 - -22. Let x(q) = q**3 - 7*q**2 - 12*q + 13. Is x(p) composite?
False
Suppose -g + 4*g = 3, 4*l - 2*g - 3074 = 0. Is l prime?
True
Let q(c) be the second derivative of 97*c**3/2 + c**2 - 8*c. Is q(1) composite?
False
Suppose 0 = -3*n - 207 + 813. Is n a prime number?
False
Let z be 2 - 2 - 0/1. Suppose q - 132 + 0 = z. Let f = q + -41. Is f a prime number?
False
Suppose 0 = k + 2*z - 347, 0 = -3*z + 3 + 9. Let i = 8 - 5. Suppose i*j = -0*j + k. Is j prime?
True
Suppose -3*l + 935 + 82 = 0. Is l a prime number?
False
Let f(z) be the first derivative of z**4/4 + 5*z**3/3 - 5*z**2/2 - 2*z + 5. Let d be 2/(-2)*15/3. Is f(d) composite?
False
Suppose 4*d = -2*x - d + 262, 3*x - 3*d = 351. Is x composite?
True
Suppose -12*t - 2345 = -17*t. Is t composite?
True
Let m = 126 + -59. Is m prime?
True
Let o be (0 - 0)/(3 + -1). Let w = 0 - o. Suppose -x - x - 4*u + 56 = 0, w = 3*x - 4*u - 54. Is x composite?
True
Let u = -229 - -430. Is u a prime number?
False
Let j = 436 + 1127. Is j a composite number?
True
Let k be 10/2 + 2/(-1). Suppose -408 = -2*q + 2*z, 4*z + 609 = k*q - 0*q. Suppose -3*j = -5*d + 1052, -3*j + 7*j + q = d. Is d a composite number?
False
Let o be (4 - 2) + 335/1. Let i be (-63)/(-18) - (-3)/2. Suppose -588 - o = -i*t. Is t composite?
True
Let v = 50 - -108. Suppose -4*g = -110 - v. Suppose -187 = -2*s + g. Is s prime?
True
Let x = 23 - 13. Suppose 7*l - x = 2*l. Is l prime?
True
Let t = -1 - 13. Let v(m) = 36*m**3 + 2*m**2 - 1. Let o be v(1). Let g = t + o. Is g prime?
True
Suppose o - 65 + 21 = 5*f, 0 = 4*o + 2*f - 286. Is o prime?
False
Let u(a) = -a**3 + a + 2. Let d be u(0). Suppose -d*m = -0*m - 28. Is m a composite number?
True
Let c(i) = 2*i - 1. Let g be (-3)/(-3*(-1)/(-2)). Let n be c(g). Is n/2 - 614/(-4) a composite number?
True
Let t = -53 + 110. Let b(p) = p + 7. Let s be b(-7). Suppose s*r - 3*r = -t. Is r a composite number?
False
Let r = 204 + -2. Suppose -4*a - 62 = -r. Is a composite?
True
Is 2*(-2 - (-1091)/2) composite?
False
Suppose 5*r = 50 - 0. Suppose 2*a - 5